1200010 (base 3) in base 5?
4241203202
447753 (base 9) to base 13
95097
-130822 (base 9) to base 2
-10011011000101000
-2433131 (base 6) to base 3
-20112222001
212220021202 (base 3) to base 14
c3610
1c94ac (base 13) to base 8
2632630
-922046 (base 10) to base 5
-214001141
Convert -8aa78a (base 12) to base 16.
-21d1da
-d448 (base 16) to base 2
-1101010001001000
Convert 212332001 (base 4) to base 3.
22002221202
What is 2270c (base 15) in base 7?
634332
-247964a (base 11) to base 15
-59ec82
What is -10120113211 (base 4) in base 9?
-2140257
Convert 486321 (base 9) to base 3.
112220100201
What is -76674 (base 14) in base 10?
-286654
b317b (base 12) to base 6
5001035
What is 101141 (base 12) in base 7?
2063026
Convert 11122266 (base 7) to base 8.
3532061
-4124331 (base 5) to base 12
-33062
What is -168459 (base 12) in base 2?
-1011110101010000101
130031323003 (base 4) to base 14
da7a15
1a1851a (base 12) to base 4
111001013212
-10000101000100000 (base 2) to base 16
-10a20
Convert 34012240 (base 6) to base 14.
1caa2c
572687 (base 14) to base 3
12120121221222
Convert -741921 (base 13) to base 3.
-12010001002010
Convert -1770d (base 15) to base 9.
-125024
What is -11545155 (base 6) in base 16?
-5ac5f
What is 202203210 (base 5) in base 12?
336090
What is 20722a (base 11) in base 12?
13bb51
What is 1201552222 (base 6) in base 3?
221110100221012
4379d (base 16) to base 4
1003132131
Convert 874f1 (base 16) to base 4.
2013103301
-2725477 (base 13) to base 6
-1120032114
What is -126526104 (base 7) in base 16?
-7d4159
Convert -44123421 (base 5) to base 11.
-23a439
What is -100100111010101100101 (base 2) in base 15?
-18d66b
Convert -2521144 (base 6) to base 13.
-49627
-20020102012200 (base 3) to base 9
-6212180
Convert 32a5a (base 11) to base 9.
72577
What is -4a46975 (base 12) in base 3?
-1000100001020022
What is 1112212223 (base 4) in base 12?
15134b
Convert 12202221111 (base 3) to base 15.
23a3d
Convert 13114210020 (base 5) to base 14.
220a4d9
Convert -2005145 (base 8) to base 2.
-10000000101001100101
110663 (base 10) to base 13
3b4a7
-645a0 (base 12) to base 8
-402110
3ff82 (base 16) to base 6
5341014
Convert -712bc (base 16) to base 11.
-2972a8
-10a38 (base 12) to base 15
-68b5
Convert 51259 (base 14) to base 2.
101111101011011111
-21232203133 (base 4) to base 14
-4a5419
Convert 87903 (base 12) to base 6.
3502003
What is 1975843 (base 10) in base 9?
3641311
What is -b4031e (base 15) in base 2?
-100000101000111100101001
-482448 (base 15) to base 14
-65b522
46970 (base 14) to base 8
517726
What is -22536107 (base 8) in base 15?
-66b343
131200642 (base 7) to base 2
11111111111100111001001
-a2d4a (base 14) to base 3
-201221002020
What is 108116 (base 10) in base 15?
2207b
-dc875a (base 14) to base 2
-11100100001001110001100
-5122396 (base 12) to base 11
-8659206
Convert -422341 (base 6) to base 14.
-c6b3
What is 1626412 (base 7) in base 10?
225556
What is 33836 (base 11) in base 9?
74088
564217 (base 8) to base 2
101110100010001111
Convert -2314101 (base 5) to base 16.
-a330
Convert 671b8 (base 12) to base 8.
413134
4801685 (base 9) to base 14
4b946c
Convert -455325 (base 7) to base 14.
-217bc
Convert -2338139 (base 10) to base 2.
-1000111010110101011011
Convert 8b447 (base 14) to base 5.
41311414
What is 20427 (base 14) in base 9?
127458
Convert -163575 (base 10) to base 11.
-101995
What is -19a5734 (base 11) in base 3?
-20100110120212
Convert a951a (base 12) to base 5.
24124104
Convert 5e3c5 (base 15) to base 7.
2363144
What is 31445d (base 15) in base 9?
4361277
What is -1020021002 (base 3) in base 14?
-8ba0
221121122 (base 5) to base 7
11066006
Convert -7a954 (base 11) to base 12.
-57815
Convert -1010011101001 (base 3) to base 10.
-593677
15173560 (base 8) to base 7
41335110
Convert -122112221 (base 3) to base 11.
-9683
27c5772 (base 13) to base 2
110000000110000010101110
700866 (base 10) to base 9
1277360
1011021002 (base 3) to base 10
22790
Convert -22542430 (base 6) to base 2.
-10101010010111110010
What is 10a078e (base 15) in base 9?
24344708
-159105 (base 16) to base 13
-3a6428
-4955b6 (base 14) to base 5
-1120340100
Convert 112568 (base 10) to base 11.
77635
-238a79 (base 12) to base 8
-2143375
What is -18a4b55 (base 12) in base 16?
-4f3b71
11001101111000100 (base 2) to base 4
121233010
2120111001202 (base 3) to base 9
2514052
1785210 (base 13) to base 4
131033200110
4511a (base 13) to base 7
1031442
2a636a (base 12) to base 16
aec82
2a9a7 (base 14) to base 8
317307
Convert -2321140013 (base 5) to base 6.
-304351345
What is 173391a (base 11) in base 9?
5482733
Convert 2301003023 (base 4) to base 10.
725195
944301 (base 11) to base 13
40ccb4
10301102313 (base 4) to base 14
247a07
212942a (base 12) to base 5
3101402214
12232313010 (base 4) to base 7
21000126
-1778708 (base 11) to base 16
-2df92c
-52c7 (base 15) to base 8
-42150
96373 (base 11) to base 5
13441243
What is -359735 (base 11) in base 9?
-1056738
1df97 (base 16) to base 10
122775
6522187 (base 9) to base 4
31112022013
-bb3e (base 15) to base 4
-21223223
What is -32033332033 (base 4) in base 6?
-212021411
Convert 1024030401 (base 5) to base 14.
408311
-11014002141 (base 5) to base 9
-24275362
Convert -1062661 (base 8) to base 15.
-5a5bc
Convert -2103202 (base 5) to base 8.
-103762
37062a2 (base 12) to base 3
202011011010012
What is 5d455 (base 14) in base 2?
110111110100000011
What is -5219773 (base 10) in base 9?
-10735157
Convert -3151372 (base 10) to base 15.
-423b17
Convert 10230101014 (base 5) to base 11.
60a661a
-ac32 (base 16) to base 7
-242343
124523112 (base 7) to base 9
16001070
-75306 (base 13) to base 11
-134935
Convert -4222403124 (base 5) to base 2.
-100001100011000000110100
Convert 4137c (base 14) to base 10.
157106
584260 (base 15) to base 10
4215915
545a3 (base 11) to base 10
79247
1121221032 (base 4) to base 6
11511530
Convert -64b1b2 (base 13) to base 12.
-9615ab
What is -75270 (base 9) in base 6?
-1022313
Convert 206753 (base 12) to base 13.
14a95a
Convert -6c396a (base 14) to base 6.
-211132254
1237c8 (base 14) to base 11
39716a
What is -3445011 (base 6) in base 13?
-6294a
Convert -272385 (base 15) to base 10.
-1880675
Convert -166601 (base 12) to base 10.
-384481
4498a9 (base 11) to base 4
2232300322
Convert -10001111010101111101 (base 2) to base 5.
-122242013
What is 516803 (base 9) in base 14?
7db67
-2235331 (base 7) to base 2
-1000011110111101111
What is 411956 (base 10) in base 14?
aa1b6
What is 212b7 (base 16) in base 7?
1104050
-23a70 (base 14) to base 10
-87122
100010100111000011011 (base 2) to base 8
4247033
Convert -10000100000000011 (base 2) to base 10.
-67587
1021212022112 (base 3) to base 11
429626
13450144 (base 7) to base 13
34c7a4
What is 635a95 (base 13) in base 11?
1349812
What is 201332 (base 10) in base 12?
98618
Convert 132131 (base 12) to base 4.
1030310311
Convert -24134443 (base 5) to base 10.
-224373
24232342 (base 5) to base 8
673626
Convert -502303 (base 6) to base 16.
-99ff
Convert 1598008 (base 10) to base 13.
43c489
1235056 (base 8) to base 12
1462ba
What is 706d8 (base 14) in base 12?
1104b2
Convert -10000000000110100001110 (base 2) to base 12.
-14a523a
What is -226775 (base 9) in base 7?
-1105112
Convert 8140a9 (base 13) to base 4.
23132111120
-b9a67 (base 12) to base 15
-4c997
-28f26 (base 16) to base 3
-22112001210
633 (base 7) to base 10
318
What is 20110100202 (base 4) in base 10?
2180130
-1000011100111001011 (base 2) to base 16
-439cb
What is 1011100000111010001 (base 2) in base 11?
238518
-2c68ac (base 13) to base 11
-691495
-180b8 (base 16) to base 11
-67aa5
-249382 (base 10) to base 2
-111100111000100110
What is 195494 (base 12) in base 6?
13311104
Convert -54a10 (base 13) to base 5.
-14401141
Convert 403245 (base 15) to base 6.
145155432
Convert 18bb5 (base 12) to base 13.
1368b
1432135 (base 6) to base 5
10112024
7547a1 (base 11) to base 9
2238427
Convert 4230371 (base 9) to base 2.
1000101000101100101100
-844452 (base 13) to base 12
-10526b3
1065 (base 15) to base 8
6616
What is -12b073 (base 12) in base 7?
-2426016
Convert -3daab9 (base 15) to base 3.
-12121000101210
What is 13755203 (base 9) in base 6?
402155350
What is 212230321331 (base 4) in base 11?
57aa436
Convert 101101011011101101100 (base 2) to base 5.
340114443
Wha